9)?
3, 5, 4657
Let y be ((-514)/3)/(2/6). Let a = y + 740. List the prime factors of 4/(-2) - a*4/(-8).
3, 37
Let x(b) = -2*b**3 - 62*b**2 + 3. Let t be x(-31). Suppose -u - 4 = l, 3*u + 24 = -t*l + 6*u. What are the prime factors of 10/((-120)/(-908)) - 2/l?
2, 19
Let l = -162 - -196. Suppose 37107 + 12023 = l*h. List the prime factors of h.
5, 17
Let y = 281 + -142. Let s = y - 214. Let j = 43 - s. What are the prime factors of j?
2, 59
Suppose -1494*y + 775*y + 749*y - 1516380 = 0. List the prime factors of y.
2, 127, 199
Let a = 38 + -34. Suppose 0*f = 2*f + 4*m - 286, -a*f + 527 = -m. What are the prime factors of f - (0 + -2) - 4*-1?
139
Let g(f) = 8*f - 23. Let s(n) = -25*n + 68. Let d(a) = 7*g(a) + 2*s(a). Let w be d(5). What are the prime factors of (3 + -1)*((w - 0) + -1)?
2
Let t(u) = u**2 + 11*u - 3. Let b be t(-12). Let v be -3 + 25/b + 168/27. What are the prime factors of -12*((-112)/v)/7?
2
Suppose 655*q + 137008 + 636900 = 689*q. List the prime factors of q.
2, 19, 599
Let g = 64579 - -11772. What are the prime factors of g?
11, 631
Let k = 5708 - -7996. What are the prime factors of k?
2, 3, 571
Suppose 0 = 38*j + 65862 - 636280. What are the prime factors of j?
17, 883
Let n = 1 + -61. List the prime factors of 8/n + 42910/75.
2, 11, 13
Let l(x) = x**2 + 12*x + 13. Let n(u) = -u**2 - 11*u - 12. Let h(g) = 2*l(g) + 3*n(g). Let z be h(-7). Suppose -z*q + 3*q + 11 = 0. List the prime factors of q.
11
Suppose 4*n + 7 = -3*n. Let a be n*((4 - 1 - 2) + 96). Let r = 299 + a. What are the prime factors of r?
2, 101
Let w be (1 + -5468)/(-7)*-1. Let y = w + 1291. What are the prime factors of y?
2, 3, 5, 17
Let s = 9 - -45. List the prime factors of 17430/s + (-4)/(-18).
17, 19
Let y = 39 - -391. Suppose -5*j = 5*f - 506 - 29, -y = -4*f - 5*j. What are the prime factors of f?
3, 5, 7
Suppose 3*v - 47*b - 43672 = -48*b, -5*v = -2*b - 72805. What are the prime factors of v?
3, 23, 211
Let t(o) = 2*o - 6. Let x be t(-12). Let y be (1/1)/((-3)/x). Suppose y*a - 180 = 7*a. What are the prime factors of a?
2, 3, 5
Let c(y) = 1827*y**2 - 64*y - 30. List the prime factors of c(4).
2, 41, 353
Let t be 260/26*(2 + (-234)/(-5)). Let d = 551 - t. What are the prime factors of d?
3, 7
Let i(w) = -3*w**2 - 2*w - 145. Let d be i(0). Let t = d - -138. Let c = t - -105. What are the prime factors of c?
2, 7
Let p(u) = 3*u**2 + 9*u + 23. Let z be 1/(-5)*-4*-10. Let i be p(z). Suppose -148*q + i*q + 145 = 0. List the prime factors of q.
29
Suppose 20429 = 8*z + 4740 - 4639. What are the prime factors of z?
3, 7, 11
Suppose -2*f + 6 = 0, 4*w + 2*f - 6 - 4 = 0. Let c(n) = 157*n**2 - 9*n + 8. Let v be c(w). Let b = v - 81. List the prime factors of b.
3, 5
Let y(s) = 2*s + 28. Let l be y(4). Let h = 232 + l. What are the prime factors of h?
2, 67
Let s = -5920 - -20927. What are the prime factors of s?
43, 349
Suppose 3*k - 56 + 8 = 0. Let p be ((k/6)/2)/(26/78). List the prime factors of (-1230)/(-9) - (p/3)/(-4).
137
Let a = 25 + 0. Let l = -12 + a. Let g(u) = -u + 15. List the prime factors of g(l).
2
Suppose -w = 5*x - 21, -w + 4*x = -42 - 6. Suppose 41 = -11*n - w. What are the prime factors of (21 + 0 + 1)/(n + 8)?
2, 11
Let c = -3875 - -7436. Let j = -1866 + c. List the prime factors of j.
3, 5, 113
Suppose -2*y = 3*y + 5*n - 80, -4*y - 5*n + 66 = 0. List the prime factors of ((-2541)/y)/((-1)/2).
3, 11
Suppose 3*v = -3*j - 3, 4*v - 3*j + 4 = 14. Let o be (3 - (-85)/(-25))*(v - 11). What are the prime factors of (78/o)/(-1 + 14/12)?
3, 13
Let j(u) = 102*u**2 + 23*u - 86. List the prime factors of j(6).
2, 7, 19
Let d(z) = -33*z + 5. Let o(g) = 3 - 6 - 10*g**2 + 2*g + 11*g**2. Let c be o(0). What are the prime factors of d(c)?
2, 13
Suppose 0 = 5*f + k + 781, 3*f + 84 + 379 = -2*k. Let y = -501 + 280. Let m = f - y. What are the prime factors of m?
2
Suppose 4*u - 184 = 6*u - h, -4*h - 265 = 3*u. Let s be 2/12 - (8229/18)/13. Let i = s - u. List the prime factors of i.
2, 7
Let g(k) = -2*k**3 + k - 290. Let a be g(0). Let v = a - -972. What are the prime factors of v?
2, 11, 31
Let d(f) = 105*f + 140. Let v(k) = 26*k + 35. Let o be (-3)/(-12) + 92/16. Let x(m) = o*d(m) - 25*v(m). List the prime factors of x(-9).
5, 29
Let n = -75072 + 117163. List the prime factors of n.
7, 859
Let y = -303 + 592. Suppose 17*r - 23*r + 474 = 0. Let a = y - r. What are the prime factors of a?
2, 3, 5, 7
Let y = 61605 + -28226. What are the prime factors of y?
29, 1151
Let z be (-4 + -1)/((-45)/(-54)). List the prime factors of (123/(-1))/(-1 - 5/z).
2, 3, 41
Let a be -4 - -13 - 1*5. Suppose -a*z + 2*y = -6*z + 1532, -3854 = -5*z + 3*y. List the prime factors of z.
769
Let a(h) = 2*h**2 - 12*h + 7. Suppose -3*p - p + 20 = 2*s, -2*s + p = -15. Let i be a(s). Let x = i + -15. What are the prime factors of x?
2, 3
Let l be 1130/(-10)*(0 - -1)*-1. Suppose -8*k + 647 + l = 0. What are the prime factors of k?
5, 19
Suppose 8485 = 2*p + 5*w, -p = 2*p - 4*w - 12716. Suppose -2*u + 12*u = p. List the prime factors of u.
2, 53
Let v(o) = -o**3 - 12*o**2 - 10*o - 32. Let c be v(-13). Suppose 361 = 4*q - c. List the prime factors of q.
157
Suppose -352 = -11*c + 15*c. Let o = -88 - c. Let w(y) = -2*y + 180. What are the prime factors of w(o)?
2, 3, 5
Suppose 0 = 4*c + 589 - 581, 3512 = 3*g + 5*c. List the prime factors of g.
2, 587
Let p(y) = -y + 9. Let l be p(5). Let j(k) = 65*k - 29. List the prime factors of j(l).
3, 7, 11
Suppose -285 - 2385 = 2*g. Let q = -781 - g. Suppose 3*p - 404 = -2*d, -p = -5*p + 5*d + q. What are the prime factors of p?
2, 17
Let o(a) = 51*a**2 - 5*a**2 + 38*a**2. Let p = 25 - 24. What are the prime factors of o(p)?
2, 3, 7
Let g(p) = -p**2 - 38*p - 67. Let c be g(-13). List the prime factors of c - (0 + (3 - -5)).
2, 5
Let q = 74855 - 42117. List the prime factors of q.
2, 16369
Let g = -63 - -7. Let k be 2/(-7) - (-2 - (-708)/(-28)). Let n = k - g. List the prime factors of n.
83
Let d = -152 + 156. Suppose -6*a + d*p = -a - 2554, 0 = -4*p - 4. List the prime factors of a.
2, 3, 5, 17
Let p(a) = 26*a**3 - 2*a**2 + 3*a - 2. Let b be p(2). Suppose 0 = -2*l + 16 + 132. Let o = b - l. List the prime factors of o.
2, 5, 13
Suppose 32*s - 60*s + 223580 = 0. What are the prime factors of s?
5, 1597
Let w(x) = 4519*x + 1587. What are the prime factors of w(5)?
2, 107, 113
Suppose -34 = -s + 172. Let z = s - -358. List the prime factors of z.
2, 3, 47
Let q = -14851 + 28913. List the prime factors of q.
2, 79, 89
Let a be (-86 - 5) + (-21)/7. Suppose 6*o - 505 = o. Let u = o + a. What are the prime factors of u?
7
What are the prime factors of (2659 - ((-4 - -1) + 8)) + 0/(-7)?
2, 1327
Suppose -4*i + 3*w + 75319 = 0, -55050 = -5*i - 2*w + 39070. What are the prime factors of i?
2, 9413
Suppose -6*p + 5*p - 4*q + 2 = 0, -20 = -p + 2*q. What are the prime factors of 40992/(-144)*(-36)/p?
2, 3, 61
Let h(g) = g**3 + 12*g**2 + 24*g - 4. Let j be h(-3). Suppose -2*b - 737 = -2*o + b, 0 = j*o - 3*b - 1820. What are the prime factors of o?
19
Let t = 37 + -169. Let r = t - -256. What are the prime factors of r?
2, 31
Suppose -49618 = -2*k + f, 0 = 5*k - 8*f + 11*f - 124056. What are the prime factors of k?
2, 3, 5, 827
Let k = -5 + -839. Let n = 1493 + k. List the prime factors of n.
11, 59
List the prime factors of (-36)/30 - 1100865/(-75).
13, 1129
Let o = 832 + 459. Suppose 4*p + o = 6*p - g, -5*p - 4*g = -3208. List the prime factors of p.
2, 7, 23
Let r(a) = -4*a**3 + 558*a**2 - 54*a - 832. What are the prime factors of r(139)?
2, 947
Let f = -128 + 128. Suppose -4*r - 4*s + 2524 - 276 = f, -4*r + 3*s + 2241 = 0. List the prime factors of r.
3, 11, 17
Suppose -4*t - 2*k + 102 = 0, 0 = -4*t + 5*k + 10 + 71. Suppose t*q - 4528 = 3944. What are the prime factors of q?
353
Let b(j) = 27*j + 152. Let r be b(23). Let w = 57 + r. What are the prime factors of w?
2, 5, 83
Let z(i) = 9*i**2 - i + 6. Let l be z(-5). Suppose a - 3*w - 2*w = 338, 3*w = -4*a + 1421. Let p = a - l. List the prime factors of p.
3, 13
Suppose -221*w + 229*w + 4440 = 0. Let r = w - -1425. List the prime factors of r.
2, 3, 5, 29
Suppose -3*c + u = 4*u - 15, 0 = -c + 4*u + 5. Suppose -4*d - 372 = -3*x, 0 = -3*d - 0*d - c*x - 308. Let f = d + 139. List the prime factors of f.
43
Suppose h =